Calculate -8 + (-10 - (-12 + -9 + 6)).
-3
Evaluate -2 + (-3 - (5 + -10 + 7)) + -1.
-8
What is the value of -8 + -7 + 17 + -15?
-13
What is -16 - (-8 - 14) - 21?
-15
Calculate (-4 - -10) + (-15 - -7) - 8.
-10
Evaluate -1 + 36 - (-1861 + 1909).
-13
Evaluate -4 + -7 + 4 + 5 + -13.
-15
What is -36 - (37 + -9 - 26)?
-38
What is 10 + -3 + 0 - 0 - (-3 - -1)?
9
Calculate (7 - (-20 - -16)) + -1 + -16.
-6
What is -2 + 8 - (-31 + 28)?
9
8 - ((16 + -8 - (3 - -2)) + 16)
-11
Calculate 68 + -46 + -6 + 3.
19
What is the value of 11 + -20 - (-46 + 30)?
7
Calculate (47 - (64 - 35)) + -23 + 2.
-3
What is -2 - (-1 - -2) - (7618 - 7600)?
-21
Evaluate 1 - (81 - 68) - (1 + -3 + 6).
-16
Evaluate (18 - 7 - 10) + -2 + 2 + -7.
-6
Calculate -5 + 1 - (11 + -5 + (-2 - 0)).
-8
6 + (-13 + -3 - -13 - 11)
-8
Calculate (20 - 26 - -25) + (-8 - -1).
12
Evaluate -40 + 1 + (-203 - -224).
-18
What is the value of -10 - (-28 - -8 - -3)?
7
Calculate 12 + -18 + -4 + 3 - -13.
6
Calculate (7 - (-5 - -6)) + (-30 - -11).
-13
29 + -69 + -23 + 51
-12
Calculate -4 - (-23 + 9) - (5 - 17).
22
Evaluate -16 + (14 - -9 - -7) + 9.
23
What is the value of -2 + 1 - (-39 + 22 + (3 - -1))?
12
Evaluate 24 - (-40 - -44) - 34.
-14
Calculate -1 + 7 + 21 - (-5 + 8 + 3).
21
Evaluate -9 + 1 + (43 - 39) - -17.
13
8 + 1 + (-13 - -9)
5
Evaluate (7 + -24 - -49) + -10.
22
What is -12 - (-1 + (-7 - -1 - (-10 - -8)))?
-7
(-6 - -16 - 1) + 3 - 24
-12
2 - -5 - 2 - (140 + -149)
14
What is (-3 - (11 + -24)) + -12?
-2
Calculate 0 + (6 - 8) + (12 - (-3 - -8)).
5
What is (-22 - -13 - -20) + (1 - (0 + 7))?
5
What is (0 - -28 - 6) + -203 + 186?
5
9 - (1 - -2) - (-8 - -15 - 18)
17
What is -39 - -135 - 115 - (17 - -1)?
-37
Evaluate -3 - (-14 - -3) - (1 + 0) - 16.
-9
4 - -47 - (2 - (-2 + -10))
37
What is -14 - (-17 - (-1 + -10))?
-8
Calculate -1 + (-4 - (6 - 1 - 6)) - -7.
3
Calculate (-10 - -38) + -7 - (-9 - -6).
24
Calculate (1 - -20) + -8 + 14 + 0.
27
What is -33 - (0 + -1 - (0 + (26 - 16)))?
-22
What is -7 + 0 - (16 + -15) - -4 - 13?
-17
What is -62 + (-16 - -16 - -12) - -12?
-38
What is the value of -39 - ((-4 - 3) + -17)?
-15
-2 + -10 + 9 + 14
11
Calculate -7 - -5 - -15 - (23 - -2).
-12
-8 + (1 - 5 - -20)
8
What is the value of (-12 + 7 - 3) + -10 + 8?
-10
Calculate -3 - -3 - (-10 + (-4 - (1 + -3))).
12
Evaluate -5 + 16 + 9 + -22.
-2
What is 24 + -29 + -4 + -12?
-21
33 - (38 - 28) - 3
20
Evaluate (-1 + 5 - 1) + (1315 - 1297).
21
Evaluate -27 + (6 + 15 - (-5 - -16)).
-17
Evaluate -22 - -37 - 23 - (1 + 5).
-14
What is the value of (44 - 42) + (1 - -8)?
11
What is the value of (15 + 4 + -7 - 2) + (-68 - -53)?
-5
Evaluate (-3 - 1) + (-2 - (0 - 3)) - -14.
11
What is 6 + 0 - (-11 - (18 - 33))?
2
22 + -21 - (2 + -4 + -2)
5
Evaluate 6 + 5 + -3 + 7 + -6 + 1.
10
Evaluate (7 - -5) + 2 - 22.
-8
What is the value of (0 + -7 - (-41 + 33) - 7) + 12?
6
What is the value of 40 + (11 - 24) - 43?
-16
4 + 9 + 2 - (2 + 4 + 1)
8
Evaluate 10 + ((25 - 14) + (-6 - -2) - 0).
17
What is the value of -33 + 21 + -9 - (16 - 17)?
-20
What is (22 - 33) + -9 + 0 - (-5 - 1)?
-14
(7 - (-3 + (0 - -7))) + 8
11
(3 + -2 + -1 - -4) + 13 + -12
5
Calculate 4 - 17 - -3 - (14 + -1 - 12).
-11
What is -19 - (-5 - (1 - 4)) - (1 - 6)?
-12
What is the value of -11 + (6 - (7 + -24) - 15)?
-3
What is -2 - (4 - 18 - 5)?
17
Calculate (3 - 8 - (25 - 34)) + (-6 - 1).
-3
What is the value of -4 + -11 + (44 - 36)?
-7
Calculate -18 + (32 - 10 - 19).
-15
Evaluate 2 - -11 - (43 - 35) - (-2 + -4).
11
39 + (12 - 24) - 27
0
What is (-4 - (26 - 24)) + 3 + 6?
3
What is -8 + (27 - 17) + 6?
8
13 + -11 + -6 + -1 + 4 - -11
10
What is the value of 2 - ((5 - -1) + 6 + -3)?
-7
What is the value of 15 + 0 + (3 + -46 - -38)?
10
What is the value of -5 - (6 - 3) - (2 + -8 + 4)?
-6
Calculate 28 + -5 - (-23 + 34).
12
What is 1 - (0 - -1) - 5 - (120 + -118)?
-7
What is the value of -1 - -21 - (-107 + 142)?
-15
4 + 4 + -13 - 4
-9
Calculate -2 + -118 + 110 + 12 + -1 + 6.
7
What is the value of (7 - ((1 - -1) + 27 + -20)) + -8?
-10
14 - 3 - (5 + (0 - 6))
12
What is 14 + (-20 - -5) + (-1 - -17) + 4?
19
Calculate (-10 - (-13 - -16)) + 30.
17
(-47 - -54) + (-17 - (5 + -3))
-12
What is the value of -1 - ((-8 - 0) + 9 + 4)?
-6
What is -10 + (-14 + 4 + 4 - -2)?
-14
Calculate -14 + 0 - (9 + 15 + -7 + -8).
-23
2 + (5 + -3 - 8) + (7 - 2)
1
Evaluate -23 - (-7 - 31) - -2.
17
What is the value of -5 + 3 + 15 + (4 - -1) + -7?
11
Evaluate 33 + -40 - (1 + -1).
-7
Evaluate 64 + -41 - (24 - 6).
5
Evaluate -25 - (1 - 0) - (3 + -25 + 14).
-18
What is the value of 1 - 3 - (-136 + 72 + 74)?
-12
Evaluate 17 + (-14 + 17 - 20).
0
Calculate (-1 - -6 - (3 - 1)) + 2.
5
Calculate 11 + -1 + 4 + -12.
2
-13 + 22 + -13 + 2
-2
What is the value of 2 + (-14 - -8) + 9 + -11?
-6
What is 18 + -3 + -15 + 15?
15
What is the value of 282 + -280 - (-6 - 1)?
9
Evaluate 21 + (4 - (33 + 6)).
-14
What is 0 + (10 + (-9 - (7 - 11)) - 17)?
-12
What is 0 + 7 + -16 + -1 + 16?
6
What is -14 - (-5 - (-6 - -6))?
-9
Evaluate -78 + 5 - (42 + -81).
-34
(-6 - (-23 - -12)) + 25
30
Evaluate 56 + -62 + 3 + -4 + 1 - 6.
-12
What is the value of -7 + (68 - 15 - 47)?
-1
Evaluate -6 + 6 + -5 - (-11 - 2 - -2).
6
What is the value of (-7 - 5) + 8 + -9 + 28?
15
What is the value of (5 - ((-5 - -6) + 6)) + -4 + 1?
-5
6 + 7 + -10 + 6
9
124 - 140 - (-11 + 0)
-5
(12 + (1 - 6) - 4) + -6 - 7
-10
What is 9 + 10 + (-9 - 5) - 9?
-4
Evaluate -12 - -4 - (-19 + 2).
9
Evaluate -11 - (-2 + 10) - (0 - 7).
-12
Evaluate -21 + (29 - (36 + 1)).
-29
What is -48 - (13 + -54) - (0 + -1 - -1)?
-7
Calculate 5 + (-18 - -21) + (3 - 2) + 2.
11
What is -15 + -4 + 2 + 28?
11
What is the value of (-1 + 4 + -2 - 6) + -3 + -1?
-9
What is the value of (-8 - 3) + (30 - 9) + -31?
-21
Calculate (0 - -9) + (21 - (-19 - -45)).
4
What is the value of (3 - 9) + 0 + 4 + -6 - 1?
-9
-27 - (15 + (6 - (14 - -10)))
-24
Calculate (-3 - -4) + 2 + -7 - 3.
-7
What is the value of 30 + -17 + 13 + -13?
13
Calculate -48 + 8 - 1 - -20.
-21
What is the value of 6 - (-2 - (-4 + (6 + -7 - 1)))?
2
What is (-2 + 2 - (-2 - 2)) + -15?
-11
Calculate -17 + -1 + (1 - -13).
-4
Calculate -5 - (8 - (0 + -4 - (-16 + 10))).
-11
Evaluate (-4 + -7 - -19) + -8.
0
Evaluate -21 - (-12 - 20) - 11.
0
What is -48 + 40 + 5 + -1 + -3?
-7
What is -14 - (45 + -48) - (1 - (0 - 0))?
-12
Evaluate 2 + (7 + -18 - 3).
-12
Calculate -9 + -28 + 38 + 16 + -5.
12
Evaluate (4 - ((0 - -10 - -7) + 0)) + 5.
-8
What is the value of 6 + 3 - (3 - -2)?
4
What is the value of -10 - (17 + 10) - -23?
-14
What is -270 - -282 - (1 + 9) - 26?
-24
What is the value of 9 - 8 - 7 - (-6 - -7) - -7?
0
What is (8 - -31 - 14) + -20?
5
What is the value of (-10 - 3 - -3) + (-11 - (20 - 57))?
16
What is 4 + 12 + -9 + -6 + -1?
0
Calculate 1 + -3 + 1 + 19 + -4 + 3.
17
-11 + (0 - -19 - 1)
7
-3 + (4 - (7 + (6 - 19))) - 2
5
Calculate 25 + 23 + (-17 - 48).
-17
Calculate -246 - -269 - (13 + -1).
11
Calculate -6 + (19 - 6 - 11).
-4
What is the value of (5 + 3 - 4) + -12 - 3?
-11
Calculate -9 + 28 + (6 - 16).
9
What is the value of (24 - 5) + (4 - 23)?
0
Calculate -4 + 20 - (3 - (-2 - (0 - 2))).
13
What is the value of (8 - 40 - (3 + -12) - -11) + -5?
-17
Evaluate 6 + (14 - 22 - -8).
6
What is the value of (14 - 1) + (597 - 622)?
-12
What is 3 + -6 + 3 + (1 - 4) + -2?
-5
What is (-6 - -14) + -7 - (-2 + 3 + 3)?
-3
Calculate -2 + (1 - (-4 + 16)).
-13
Calculate -22 + (42 - 4 - 14).
2
22 - (38 + -31) - -6
21
Calculate 12 - (1 - 0) - (-10 + -11 + 23).
9
-3 + (27 - 10) + -27
-13
What is the value of -2 - (-1 - 1) - ((-10 - -49) + -44)?
5
9 + 6 + 1 + (-2 - 8)
6
-62 - -50 - (3 + -3 - 3)
-9
9 + (-4 - 8 - 8)
-11
What is (-5 + -2 - -17) + (0 - 18)?
-8
What is (6 - -14) + -31 - 1?
-12
Evaluate 13 - (36 + (13 - (-8 - -18))).
-26
14 + (-137 + 133 - (-14 - 2))
26
-6 - (-2 - -7 - (20 - 14 - -8))
3
Calculate (4 - 14) + 2 + 13 + -6.
-1
What is -14 + 43 + -13 - 12?
4
What is -19 + (1 - -15 - (98 - 89))?
-12
(-26 - -19) + (4 - 0) + (16 - 2)
11
What is (-7 - -2) + (-20 - (13 + -22))?
-16
Evaluate (21 - 15) + (6 + 0 - -8).
20
Calculate (7 - -3) + -165 + 166.
11
What is -18 + 2 + -7 + 5?
-18
What is (-9 - (-18 + -1 + 3)) + -15?
-8
What is (-1 - 9) + 8 + -4 - -16?
10
What is the value of (-28 + 17 - 9) + 15 + -6?
-11
What is the value of 13 + (-29 - (-27 - -14))?
-3
40 - 14 - (3 + -8 + 19)
12
What is the valu